late y(-15).
-9
Let l(g) = -2*g**2 - 17*g - 4. Calculate l(-8).
4
Let a(t) = t - 3. Determine a(6).
3
Let a(i) = -15*i + 1. Determine a(1).
-14
Let u(m) = -m**3 + 12*m**2 - 6*m - 23. Calculate u(11).
32
Let q(x) = x - 3. Give q(4).
1
Let p(j) = -j**3 + 3*j**2 + 2. Calculate p(4).
-14
Let o(r) = -4*r + 10. Calculate o(3).
-2
Let c(g) = -g**2 - 5*g - 6. Calculate c(-3).
0
Let j(g) = 2*g - 9. Determine j(5).
1
Let h(g) = -13*g - 13. Calculate h(7).
-104
Let s(d) = -2*d**2 + 24*d - 42. What is s(10)?
-2
Let r(j) = j**3 + 16*j**2 - 15*j + 35. Calculate r(-17).
1
Let m(h) = -h + 3. What is m(11)?
-8
Let k(o) = -2*o**3 + 10*o**2 - 13. Determine k(6).
-85
Let w(x) = x**2 - x - 4. Calculate w(0).
-4
Let s(f) = f**3 + 5*f**2 - 3. Determine s(-4).
13
Let j(q) = -q**3 - 19*q**2 + 17*q - 22. Determine j(-20).
38
Let m(x) = 4*x + 11. What is m(-3)?
-1
Let p(d) = d**3 + 12*d**2 + 26*d - 6. Give p(-4).
18
Let f(q) = q**3 - 9*q**2 + 10*q - 25. Give f(8).
-9
Let n(t) = -t - 1. Determine n(-13).
12
Let j(f) = 2*f + 94. Determine j(-33).
28
Let f(b) = -b**2 + 7*b - 17. Determine f(5).
-7
Let s(q) = -24*q + 188. Calculate s(8).
-4
Let k(x) = 9*x + 14. Determine k(-7).
-49
Let c(g) = -g**2 - 3*g + 1. Give c(-2).
3
Let b(c) = -11*c - 262. Give b(-25).
13
Let q(t) = 50*t - 260. What is q(5)?
-10
Let l(y) = y + 14. What is l(-11)?
3
Let u(m) = m**2 + 12*m - 92. Determine u(-17).
-7
Let x(a) = a + 11. Calculate x(-8).
3
Let a(y) = -3*y + 6. Calculate a(3).
-3
Let x(n) = -2*n**2 + n + 8. Calculate x(3).
-7
Let a(i) = i**3 + 11*i**2 - i - 18. Determine a(-11).
-7
Let o(s) = -s**2 + 9*s + 8. What is o(10)?
-2
Let n(k) = -k**3 - 23*k**2 + 3*k + 43. Give n(-23).
-26
Let r(h) = -h**3 - 3*h**2 + 3. Determine r(-4).
19
Let b(t) = 7*t + 3. Calculate b(-6).
-39
Let z(k) = -2*k + 5. Calculate z(15).
-25
Let g(q) = -12*q - 29. Determine g(-13).
127
Let m(o) = 7*o - 63. What is m(8)?
-7
Let b(m) = 41*m**2 + m - 1. What is b(1)?
41
Let p(z) = z**2 - 6*z - 3. Calculate p(6).
-3
Let t(p) = -6*p**2 + 3*p. Calculate t(1).
-3
Let h(y) = y**2 - 6*y - 3. Determine h(-4).
37
Let o(m) = -m**3 - 9*m**2 - 8*m - 12. Calculate o(-8).
-12
Let j(m) = m**2 - 4*m + 12. Calculate j(3).
9
Let s(w) = w**3 - 3*w**2 + 4*w - 3. Determine s(3).
9
Let d(g) = -g**3 - 16*g**2 - 11*g + 2. Give d(-15).
-58
Let j(r) = r**3 + 7*r**2 - 5*r + 9. Determine j(-8).
-15
Let i(t) = -t**2 - 11*t + 14. Calculate i(-12).
2
Let k(y) = -y**3 - 2*y**2 + 2*y + 5. Calculate k(-3).
8
Let c(d) = d**2 + 9*d - 37. What is c(-12)?
-1
Let v(s) = s**2 + 11*s - 53. Give v(-12).
-41
Let y(g) = -g**2 + 2*g + 8. Calculate y(-6).
-40
Let o(j) = 2*j**2 + 5*j - 3. Give o(-6).
39
Let g(v) = 4*v - 8. Give g(5).
12
Let g(m) = -m**2 - 25*m - 90. Calculate g(-21).
-6
Let v(x) = -2*x + 54. Give v(24).
6
Let p(x) = 4*x**3 - x**2 + 2*x - 3. Determine p(2).
29
Let t(o) = o**2 + 10*o - 5. Calculate t(-8).
-21
Let l(a) = 4*a + 41. Calculate l(-15).
-19
Let s(i) = i**3 - 3*i**2 - 57*i - 27. Determine s(-6).
-9
Let j(m) = m + 2. What is j(-1)?
1
Let a(x) = 2*x - 49. Calculate a(21).
-7
Let q(l) = 9*l**2 + 88*l + 6. Give q(-10).
26
Let q(u) = u**3 - 4*u**2 + 5*u - 4. Give q(3).
2
Let q(a) = a**3 + 2*a**2 + 7*a + 36. Calculate q(-3).
6
Let p(i) = i - 20. What is p(6)?
-14
Let t(g) = g**2 - 10*g - 26. What is t(7)?
-47
Let m(z) = z + 7. What is m(-7)?
0
Let r(f) = -f**2 + 10*f + 12. Give r(14).
-44
Let j(z) = 2*z**3 - 50*z**2 + 134*z - 48. What is j(22)?
-4
Let m(r) = -r**2 - 10*r + 25. Calculate m(5).
-50
Let v(r) = r**3 + 12*r**2 + 12*r - 7. What is v(-6)?
137
Let b(x) = 2*x**2 + 47*x + 3. Determine b(-23).
-20
Let f(c) = 3*c - 27. What is f(8)?
-3
Let d(p) = p**3 + 12*p**2 + 10*p - 17. What is d(-11)?
-6
Let n(b) = -b + 7. Calculate n(5).
2
Let s(o) = o**3 - 4*o**2 + 3. Give s(5).
28
Let r(c) = -5*c**3 + c**2 + 2*c - 2. What is r(2)?
-34
Let m(j) = -5*j - 4. Give m(-9).
41
Let k(c) = c + 56. Calculate k(-52).
4
Let l(q) = -11*q**2 - 186*q + 11. Calculate l(-17).
-6
Let n(l) = 2*l**2 + 66*l + 2. Determine n(-33).
2
Let t(z) = 2*z**2 - 23*z + 32. What is t(10)?
2
Let p(s) = -s**3 + 11*s**2 - 13*s - 15. Give p(5).
70
Let w(a) = -3*a - 10. Determine w(-11).
23
Let s(t) = -5*t - 1. Calculate s(2).
-11
Let k(j) = -j**3 - 3*j + 4. What is k(3)?
-32
Let g(l) = 10*l + 2. Calculate g(-1).
-8
Let f(p) = -2*p + 17. What is f(8)?
1
Let t(y) = -y**3 - 3*y**2 - 4*y - 4. Calculate t(-3).
8
Let u(k) = -3*k**2 + 3*k + 4. Give u(3).
-14
Let k(h) = 11*h + 4. Calculate k(-3).
-29
Let b(i) = -10*i - 173. Determine b(-17).
-3
Let i(y) = y**3 + 10*y**2 - y - 6. Give i(-10).
4
Let g(b) = -b**2 + 4*b + 4. Determine g(10).
-56
Let q(a) = 17*a + 99. Give q(-7).
-20
Let o(r) = 65*r - 10. Determine o(1).
55
Let k(i) = -6*i + 1. Give k(1).
-5
Let n(v) = -v**2 + 2*v - 5. Give n(0).
-5
Let f(i) = 27*i + 70. Calculate f(-3).
-11
Let a(g) = g + 17. Determine a(-5).
12
Let h(b) = 3*b**2 - b + 8. Give h(2).
18
Let h(i) = -i**3 + 2*i**2 + 3*i - 4. Determine h(2).
2
Let x(t) = 16*t - 333. Give x(20).
-13
Let n(w) = -14*w + 9. Give n(-2).
37
Let r(s) = -36*s - 581. Determine r(-16).
-5
Let o(a) = -25*a - 4. Calculate o(-2).
46
Let z(w) = 118*w - 2. What is z(1)?
116
Let h(m) = -42*m**3 - 6*m**2 + 8*m - 1. Give h(1).
-41
Let y(n) = n**3 - 16*n**2 - 26*n - 4. Calculate y(18).
176
Let u(m) = 2*m**2 + 12*m + 12. Determine u(-7).
26
Let g(j) = j + 5. What is g(-7)?
-2
Let m(r) = r**2 - 24*r + 167. Give m(12).
23
Let d(c) = -2*c**3 + 18*c**2 + 17*c + 21. Give d(10).
-9
Let g(h) = 7*h**2 + 5*h - 3. Give g(1).
9
Let a(q) = -q**2 + 6*q - 8. Give a(4).
0
Let x(h) = 27*h - 946. Determine x(35).
-1
Let p(n) = n**3 + 15*n**2 + 14*n - 3. What is p(-14)?
-3
Let l(m) = m**2 - 66*m + 296. What is l(61)?
-9
Let z(l) = -3*l - 15. Calculate z(-15).
30
Let q(l) = 3*l**3 - 12*l**2 + 3*l - 6. Give q(4).
6
Let k(j) = -j**2 - 3*j - 7. What is k(-7)?
-35
Let t(j) = j**2 - 10*j + 13. Determine t(9).
4
Let h(q) = q**2 + 5*q - 41. Determine h(4).
-5
Let y(u) = 2*u - 3. Determine y(-5).
-13
Let f(d) = -2*d**2 + 12*d - 2. Calculate f(5).
8
Let c(n) = n**2 + 13*n - 8. Give c(-13).
-8
Let o(h) = -h**3 - 7*h**2 + 4*h - 15. Calculate o(-8).
17
Let a(g) = g**2 + 6*g + 4. What is a(-6)?
4
Let a(s) = -s**2 - 3*s + 4. Calculate a(2).
-6
Let b(o) = -o - 3. Give b(6).
-9
Let b(l) = -l**3 + 9*l**2 - l - 2. Determine b(9).
-11
Let k(r) = 2*r**3 + r**2 + 5*r + 3. Calculate k(-2).
-19
Let n(o) = -14*o**2 + 3. Calculate n(-2).
-53
Let q(s) = s**3 + 7*s**2 + s + 3. Calculate q(-7).
-4
Let q(i) = 10*i - 25. Determine q(6).
35
Let b(d) = -3*d**3 + d + 2. Give b(2).
-20
Let k(f) = -f**3 - 10*f**2 + 43*f + 47. Calculate k(-13).
-5
Let c(g) = -g**3 - 6*g**2 + 4*g + 21. Determine c(-6).
-3
Let u(o) = -o**2 + 8*o - 4. What is u(3)?
11
Let s(j) = 19*j**3 + j**2. Calculate s(-1).
-18
Let f(t) = t**3 - 12*t**2 + 20*t. Determine f(10).
0
Let f(p) = 2*p**2 + 27*p - 13. Determine f(-14).
1
Let i(q) = 28*q**2 + 169*q + 3. What is i(-6)?
-3
Let y(w) = 6*w - 7. Calculate y(2).
5
Let k(s) = s**2 + 19*s - 20. Give k(-19).
-20
Let j(b) = 34*b + 2. Give j(-2).
-66
Let y(t) = t**3 - 7*t**2 + 8*t - 4. Give y(5).
-14
Let q(u) = -2*u + 14. Determine q(0).
14
Let i(z) = 2*z**2 - 4. Determine i(-3).
14
Let f(b) = -b + 32. Give f(6).
26
Let c(p) = p**3 - 7*p**2 + 12*p - 34. Determine c(6).
2
Let m(d) = d**2 - 8*d + 14. Determine m(5).
-1
Let o(l) = l**3 - 2*l**2 + 4. What is o(5)?
79
Let j(k) = -k**2 + 6*k + 8. Calculate j(-4).
-32
Let q(c) = c**2 - 9*c + 2. What is q(8)?
-6
Let u(c) = -6*c + 20. What is u(11)?
-46
Let u(q) = 49*q**2 - 4*q + 1. Calculate u(1).
46
Let d(w) = -170*w - 1022. Determine d(-6).
-2
Let w(u) = -u**2 - 11*u - 15. Determine w(-10).
-5
Let d(h) = 2*h - 24. Give d(21).
18
Let a(z) = z + 2. Calculate a(1).
3
Let s(x) = -5*x - 4. Calculate s(-7).
31
Let m(g) = 13*g - 27. What is m(6)?
51
Let y(b) = -b**3 - 14*b**2 - 13*b + 1. Give y(-13).
1
Let z(s) = s**2 - 11*s + 26. Calculate z(9).
8
Let w(r) = 27*r + 1977. Give w(-73).
6
Let t(d) = 18*d**3 + 2*d**2 - d - 2. What is t(-1)?
-17
Let z(y) = 2*y**2 - 55*y - 96. Calculate z(29).
-9
Let q(j) = -j**3 - 11*j**2 + 13*j + 8. Calculate q(-12).
-4
Let t(z) = z**3 - 6*z**2 - z + 5. Give t(6).
-1
Let a(d) = -10*d + 2. What is a(3)?
-28
Let p(n) = 8*n - 14. Determine p(2).
2
Let v(z) = 2*z**2 - 4*z - 22